{"id":4626,"date":"2025-11-01T12:22:14","date_gmt":"2025-11-01T12:22:14","guid":{"rendered":"https:\/\/institutoaprehender.com.ar\/w25\/?post_type=product&#038;p=4626"},"modified":"2025-11-04T20:32:09","modified_gmt":"2025-11-04T20:32:09","slug":"manicura-profesional-nails-art","status":"publish","type":"product","link":"https:\/\/institutoaprehender.com.ar\/w25\/curso\/manicura-profesional-nails-art\/","title":{"rendered":"Manicura Profesional &#038; Nails Art"},"content":{"rendered":"<p><span style=\"font-weight: 400;\">La Manicura Profesional comprende el cuidado, embellecimiento y protecci\u00f3n de u\u00f1as y manos mediante procedimientos seguros y estandarizados.\u00a0<\/span><\/p>\n<p><span style=\"font-weight: 400;\">El curso aborda higiene y bioseguridad desinfecci\u00f3n\/esterilizaci\u00f3n, mesa segura, anatom\u00eda y diagn\u00f3stico de la u\u00f1a con criterios de derivaci\u00f3n, preparaci\u00f3n t\u00e9cnica de trabajo de cut\u00edcula, limado, deshidrataci\u00f3n y primers, esmaltado tradicional y semipermanente, capas finas, curado y sellado del borde, refuerzos y extensiones, builder gel, polygel, mantenimiento y retiro y nociones de productos y compatibilidades.\u00a0<\/span><\/p>\n<p><span style=\"font-weight: 400;\">Tendencias actualizadas como Soft Gel y System Dual entre otros.<\/span><\/p>\n<p><span style=\"font-weight: 400;\">El Nail Art incorpora dise\u00f1o aplicado \u2014de t\u00e9cnicas b\u00e1sicas a avanzadas\u2014 incluyendo franc\u00e9s y baby boomer, efectos cromados, cat eye, m\u00e1rmol, encapsulados, pintura a mano alzada, composici\u00f3n y teor\u00eda del color, as\u00ed como sellado y protecci\u00f3n del acabado.\u00a0<\/span><\/p>\n<p><span style=\"font-weight: 400;\">Al finalizar, estar\u00e1s capacitada para ejecutar servicios completos, durables y seguros, gestionar la experiencia del cliente y conformar un portfolio t\u00e9cnico acorde a est\u00e1ndares profesionales.<\/span><\/p>\n","protected":false},"excerpt":{"rendered":"<p><span style=\"font-weight: 400;\">El curso aborda higiene y bioseguridad desinfecci\u00f3n\/esterilizaci\u00f3n, mesa segura, anatom\u00eda y diagn\u00f3stico de la u\u00f1a con criterios de derivaci\u00f3n, preparaci\u00f3n t\u00e9cnica de trabajo de cut\u00edcula, limado, deshidrataci\u00f3n y primers, esmaltado tradicional y semipermanente, capas finas,<\/span><\/p>\n","protected":false},"featured_media":1777,"comment_status":"closed","ping_status":"closed","template":"","meta":{"_acf_changed":false},"product_brand":[],"product_cat":[24],"product_tag":[41,37,38],"class_list":{"0":"post-4626","1":"product","2":"type-product","3":"status-publish","4":"has-post-thumbnail","6":"product_cat-area-estetica","7":"product_tag-certificacion-nacional","8":"product_tag-certificacion-occape","9":"product_tag-presencial","11":"first","12":"instock","13":"shipping-taxable","14":"product-type-simple"},"acf":[],"_links":{"self":[{"href":"https:\/\/institutoaprehender.com.ar\/w25\/wp-json\/wp\/v2\/product\/4626","targetHints":{"allow":["GET"]}}],"collection":[{"href":"https:\/\/institutoaprehender.com.ar\/w25\/wp-json\/wp\/v2\/product"}],"about":[{"href":"https:\/\/institutoaprehender.com.ar\/w25\/wp-json\/wp\/v2\/types\/product"}],"replies":[{"embeddable":true,"href":"https:\/\/institutoaprehender.com.ar\/w25\/wp-json\/wp\/v2\/comments?post=4626"}],"wp:featuredmedia":[{"embeddable":true,"href":"https:\/\/institutoaprehender.com.ar\/w25\/wp-json\/wp\/v2\/media\/1777"}],"wp:attachment":[{"href":"https:\/\/institutoaprehender.com.ar\/w25\/wp-json\/wp\/v2\/media?parent=4626"}],"wp:term":[{"taxonomy":"product_brand","embeddable":true,"href":"https:\/\/institutoaprehender.com.ar\/w25\/wp-json\/wp\/v2\/product_brand?post=4626"},{"taxonomy":"product_cat","embeddable":true,"href":"https:\/\/institutoaprehender.com.ar\/w25\/wp-json\/wp\/v2\/product_cat?post=4626"},{"taxonomy":"product_tag","embeddable":true,"href":"https:\/\/institutoaprehender.com.ar\/w25\/wp-json\/wp\/v2\/product_tag?post=4626"}],"curies":[{"name":"wp","href":"https:\/\/api.w.org\/{rel}","templated":true}]}}