{"id":4799,"date":"2025-11-03T18:45:03","date_gmt":"2025-11-03T18:45:03","guid":{"rendered":"https:\/\/institutoaprehender.com.ar\/w25\/?post_type=product&#038;p=4799"},"modified":"2025-11-04T20:43:07","modified_gmt":"2025-11-04T20:43:07","slug":"maquillaje-profesional-y-peinados","status":"publish","type":"product","link":"https:\/\/institutoaprehender.com.ar\/w25\/curso\/maquillaje-profesional-y-peinados\/","title":{"rendered":"Maquillaje Profesional y Peinados"},"content":{"rendered":"<p><span style=\"font-weight: 400;\">El curso brinda una formaci\u00f3n integral para el desempe\u00f1o t\u00e9cnico y est\u00e9tico en servicios de maquillaje y peinado en contextos sociales, de moda y audiovisuales.\u00a0<\/span><\/p>\n<p><span style=\"font-weight: 400;\">El programa aborda higiene y bioseguridad (preparaci\u00f3n de piel y cabello, desinfecci\u00f3n de herramientas y organizaci\u00f3n del puesto), visagismo y an\u00e1lisis morfol\u00f3gico para correcciones \u00f3pticas, y colorimetr\u00eda aplicada para la selecci\u00f3n coherente de paletas seg\u00fan subtono, iluminaci\u00f3n y vestuario.\u00a0<\/span><\/p>\n<p><span style=\"font-weight: 400;\">En maquillaje se desarrollan procedimientos de preparaci\u00f3n, cobertura y correcci\u00f3n, contorno e iluminaci\u00f3n, dise\u00f1o de cejas, delineados y esfumados, acabados de larga duraci\u00f3n y criterios para fotograf\u00eda\/HD y pieles diversas.\u00a0<\/span><\/p>\n<p><span style=\"font-weight: 400;\">En peinados se trabajan brushing, ondas, trenzados, semirrecogidos y recogidos, construcci\u00f3n de vol\u00famenes y texturas, uso seguro de herramientas t\u00e9rmicas y t\u00e9cnicas de fijaci\u00f3n. Se integra la construcci\u00f3n de un <\/span>look completo<span style=\"font-weight: 400;\"> (maquillaje + peinado), la prueba de estilo para eventos, novias\/15 a\u00f1os.\u00a0<\/span><\/p>\n<p><span style=\"font-weight: 400;\">La modalidad combina demostraciones y pr\u00e1ctica supervisada.<\/span><\/p>\n<p><span style=\"font-weight: 400;\">Al egresar, el\/la estudiante estar\u00e1 capacitado\/a para desempe\u00f1arse en salones y estudios, como <\/span>freelance<span style=\"font-weight: 400;\"> a domicilio, en productoras y sesiones fotogr\u00e1ficas, pasarela y eventos sociales, con herramientas para la fijaci\u00f3n de honorarios y la inserci\u00f3n laboral responsable.<\/span><\/p>\n","protected":false},"excerpt":{"rendered":"<p>El curso brinda una formaci\u00f3n integral para el desempe\u00f1o t\u00e9cnico y est\u00e9tico en servicios de maquillaje y peinado en contextos sociales, de moda y audiovisuales.\u00a0 El programa aborda higiene y bioseguridad (preparaci\u00f3n de piel y cabello, desinfecci\u00f3n de herramientas y organizaci\u00f3n del puesto), visagismo y an\u00e1lisis morfol\u00f3gico para correcciones \u00f3pticas, y colorimetr\u00eda aplicada para la [&hellip;]<\/p>\n","protected":false},"featured_media":4043,"comment_status":"closed","ping_status":"closed","template":"","meta":{"_acf_changed":false},"product_brand":[],"product_cat":[24],"product_tag":[41,37,38],"class_list":{"0":"post-4799","1":"product","2":"type-product","3":"status-publish","4":"has-post-thumbnail","6":"product_cat-area-estetica","7":"product_tag-certificacion-nacional","8":"product_tag-certificacion-occape","9":"product_tag-presencial","11":"first","12":"instock","13":"shipping-taxable","14":"product-type-simple"},"acf":[],"_links":{"self":[{"href":"https:\/\/institutoaprehender.com.ar\/w25\/wp-json\/wp\/v2\/product\/4799","targetHints":{"allow":["GET"]}}],"collection":[{"href":"https:\/\/institutoaprehender.com.ar\/w25\/wp-json\/wp\/v2\/product"}],"about":[{"href":"https:\/\/institutoaprehender.com.ar\/w25\/wp-json\/wp\/v2\/types\/product"}],"replies":[{"embeddable":true,"href":"https:\/\/institutoaprehender.com.ar\/w25\/wp-json\/wp\/v2\/comments?post=4799"}],"wp:featuredmedia":[{"embeddable":true,"href":"https:\/\/institutoaprehender.com.ar\/w25\/wp-json\/wp\/v2\/media\/4043"}],"wp:attachment":[{"href":"https:\/\/institutoaprehender.com.ar\/w25\/wp-json\/wp\/v2\/media?parent=4799"}],"wp:term":[{"taxonomy":"product_brand","embeddable":true,"href":"https:\/\/institutoaprehender.com.ar\/w25\/wp-json\/wp\/v2\/product_brand?post=4799"},{"taxonomy":"product_cat","embeddable":true,"href":"https:\/\/institutoaprehender.com.ar\/w25\/wp-json\/wp\/v2\/product_cat?post=4799"},{"taxonomy":"product_tag","embeddable":true,"href":"https:\/\/institutoaprehender.com.ar\/w25\/wp-json\/wp\/v2\/product_tag?post=4799"}],"curies":[{"name":"wp","href":"https:\/\/api.w.org\/{rel}","templated":true}]}}